{"id":110062,"date":"2026-04-10T08:38:48","date_gmt":"2026-04-10T08:38:48","guid":{"rendered":"https:\/\/dekaufmann.de\/?post_type=product&#038;p=110062"},"modified":"2026-04-20T15:36:52","modified_gmt":"2026-04-20T15:36:52","slug":"pringles-mini-texas-bbq-sauce","status":"publish","type":"product","link":"https:\/\/dekaufmann.de\/?product=pringles-mini-texas-bbq-sauce","title":{"rendered":"Pringles Mini Texas BBQ Sauce 12 x 40g"},"content":{"rendered":"<p data-start=\"306\" data-end=\"543\">Pringles Texas Mini BBQ Sauce 12x40g sind knusprige Stapelchips mit intensivem BBQ-Geschmack im Texas-Style. Die w\u00fcrzig-rauchige Note sorgt f\u00fcr ein kr\u00e4ftiges Geschmackserlebnis und spricht besonders Kunden an, die herzhafte Snacks bevorzugen.<\/p>\n<p data-start=\"545\" data-end=\"861\">Pringles Texas Mini BBQ Sauce 12x40g werden im praktischen 12er Display geliefert und eignen sich ideal f\u00fcr den Verkauf im Kiosk, Candy-Shop, an der Tankstelle oder im Online-Shop. Die handlichen 40g-Dosen sind perfekt f\u00fcr Impulsk\u00e4ufe und den Snack f\u00fcr unterwegs, wodurch sie f\u00fcr eine hohe Umschlaggeschwindigkeit sorgen.<\/p>\n<p data-start=\"863\" data-end=\"883\">Produktinformationen<\/p>\n<p data-start=\"885\" data-end=\"1070\">Produkt: Pringles Texas BBQ Sauce<br data-start=\"918\" data-end=\"921\" \/>Inhalt: 12 x 40 g<br data-start=\"938\" data-end=\"941\" \/>Geschmack: BBQ \/ w\u00fcrzig-rauchig<br data-start=\"972\" data-end=\"975\" \/>Typ: Stapelchips<br data-start=\"991\" data-end=\"994\" \/>Marke: Pringles<br data-start=\"1009\" data-end=\"1012\" \/>Einsatzbereich: Kiosk, Candy-Shop, Tankstelle, Online-Shop<\/p>\n<p data-start=\"1072\" data-end=\"1088\">H\u00e4ndler-Vorteile<\/p>\n<ul data-start=\"1090\" data-end=\"1337\">\n<li data-section-id=\"1dsacaf\" data-start=\"1090\" data-end=\"1137\">Beliebter BBQ-Geschmack mit hoher Nachfrage<\/li>\n<li data-section-id=\"1e3hlqu\" data-start=\"1138\" data-end=\"1190\">Praktisches 12er Display f\u00fcr schnellen Abverkauf<\/li>\n<li data-section-id=\"4u9x4n\" data-start=\"1191\" data-end=\"1235\">Perfekt f\u00fcr Impulsk\u00e4ufe und To-Go-Snacks<\/li>\n<li data-section-id=\"fjjy9z\" data-start=\"1236\" data-end=\"1278\">Starke Marke mit hoher Wiedererkennung<\/li>\n<li data-section-id=\"17bvyqd\" data-start=\"1279\" data-end=\"1337\">Ideal f\u00fcr Kiosk, Candy-Shop, Tankstelle und E-Commerce<\/li>\n<\/ul>\n<h3>Jetzt bestellen und den Umsatz mit den beliebten Pringles Mini Texas BBQ steigern!<\/h3>\n","protected":false},"excerpt":{"rendered":"<p>Pringles Texas BBQ Sauce 12x40g sind knusprige Chips mit w\u00fcrzigem BBQ-Geschmack. Beliebter Snack im 12er Display f\u00fcr Kiosk und Online-Handel<\/p>\n","protected":false},"featured_media":110063,"comment_status":"closed","ping_status":"closed","template":"","meta":[],"product_brand":[148],"product_cat":[133,324],"product_tag":[],"class_list":{"0":"post-110062","1":"product","2":"type-product","3":"status-publish","4":"has-post-thumbnail","6":"product_brand-pringles","7":"product_cat-snacks","8":"product_cat-chips","10":"first","11":"instock","12":"taxable","13":"shipping-taxable","14":"product-type-simple"},"_links":{"self":[{"href":"https:\/\/dekaufmann.de\/index.php?rest_route=\/wp\/v2\/product\/110062","targetHints":{"allow":["GET"]}}],"collection":[{"href":"https:\/\/dekaufmann.de\/index.php?rest_route=\/wp\/v2\/product"}],"about":[{"href":"https:\/\/dekaufmann.de\/index.php?rest_route=\/wp\/v2\/types\/product"}],"replies":[{"embeddable":true,"href":"https:\/\/dekaufmann.de\/index.php?rest_route=%2Fwp%2Fv2%2Fcomments&post=110062"}],"wp:featuredmedia":[{"embeddable":true,"href":"https:\/\/dekaufmann.de\/index.php?rest_route=\/wp\/v2\/media\/110063"}],"wp:attachment":[{"href":"https:\/\/dekaufmann.de\/index.php?rest_route=%2Fwp%2Fv2%2Fmedia&parent=110062"}],"wp:term":[{"taxonomy":"product_brand","embeddable":true,"href":"https:\/\/dekaufmann.de\/index.php?rest_route=%2Fwp%2Fv2%2Fproduct_brand&post=110062"},{"taxonomy":"product_cat","embeddable":true,"href":"https:\/\/dekaufmann.de\/index.php?rest_route=%2Fwp%2Fv2%2Fproduct_cat&post=110062"},{"taxonomy":"product_tag","embeddable":true,"href":"https:\/\/dekaufmann.de\/index.php?rest_route=%2Fwp%2Fv2%2Fproduct_tag&post=110062"}],"curies":[{"name":"wp","href":"https:\/\/api.w.org\/{rel}","templated":true}]}}