{"id":109844,"date":"2026-03-18T13:56:46","date_gmt":"2026-03-18T13:56:46","guid":{"rendered":"https:\/\/dekaufmann.de\/?post_type=product&#038;p=109844"},"modified":"2026-03-31T15:08:18","modified_gmt":"2026-03-31T15:08:18","slug":"fumot-digital-box-pod-noble-amber","status":"publish","type":"product","link":"https:\/\/dekaufmann.de\/?product=fumot-digital-box-pod-noble-amber","title":{"rendered":"Fumot Digital Box Pod-Noble Amber 10er Pack"},"content":{"rendered":"<p data-start=\"334\" data-end=\"609\">Fumot Digital Box Pod-Noble Amber sind wiederbef\u00fcllbare Pods f\u00fcr das Fumot Digital Box System und bieten maximale Flexibilit\u00e4t bei der Nutzung. Kunden k\u00f6nnen ihre bevorzugten Liquids frei w\u00e4hlen und individuell anpassen, wodurch das Dampferlebnis optimal personalisiert wird.<\/p>\n<p data-start=\"611\" data-end=\"941\">Fumot Digital Box Pod-Noble Amber sind eine ideale Erg\u00e4nzung f\u00fcr jedes Vape-Sortiment und besonders gefragt bei Nutzern, die Wert auf Auswahl und Kontrolle legen. Im Kiosk, Vape-Shop oder Online-Handel sorgen diese Pods f\u00fcr stabile Nachfrage und wiederkehrende K\u00e4ufe, da sie als essenzielles Zubeh\u00f6r regelm\u00e4\u00dfig nachgekauft werden.<\/p>\n<p data-start=\"943\" data-end=\"963\">Produktinformationen<\/p>\n<p data-start=\"965\" data-end=\"1158\">Produkt: Fumot Digital Box Pod-Noble Amber<br data-start=\"1007\" data-end=\"1010\" \/>Inhalt: Pod (wiederbef\u00fcllbar)<br data-start=\"1039\" data-end=\"1042\" \/>Geschmack: Frei w\u00e4hlbar<br data-start=\"1065\" data-end=\"1068\" \/>Typ: Ersatzpod \/ Refill-Pod<br data-start=\"1095\" data-end=\"1098\" \/>Marke: Fumot<br data-start=\"1110\" data-end=\"1113\" \/>Einsatzbereich: Vape-Shop, Kiosk, Online-Shop<\/p>\n<p data-start=\"1160\" data-end=\"1176\">H\u00e4ndler-Vorteile<\/p>\n<ul data-start=\"1178\" data-end=\"1403\">\n<li data-section-id=\"1l1dcie\" data-start=\"1178\" data-end=\"1224\">\n<p data-start=\"1180\" data-end=\"1224\">Hohe Nachfrage nach flexiblen Pod-Systemen<\/p>\n<\/li>\n<li data-section-id=\"1ah3e21\" data-start=\"1225\" data-end=\"1267\">\n<p data-start=\"1227\" data-end=\"1267\">Erm\u00f6glicht individuelle Liquid-Auswahl<\/p>\n<\/li>\n<li data-section-id=\"1bg16bm\" data-start=\"1268\" data-end=\"1319\">\n<p data-start=\"1270\" data-end=\"1319\">Zubeh\u00f6rprodukt mit konstantem Nachkaufpotenzial<\/p>\n<\/li>\n<li data-section-id=\"10usjs2\" data-start=\"1320\" data-end=\"1359\">\n<p data-start=\"1322\" data-end=\"1359\">Perfekte Erg\u00e4nzung f\u00fcr Fumot Ger\u00e4te<\/p>\n<\/li>\n<li data-section-id=\"11qzl5p\" data-start=\"1360\" data-end=\"1403\">\n<p data-start=\"1362\" data-end=\"1403\">Ideal f\u00fcr Vape-Shop, Kiosk und E-Commerce<\/p>\n<\/li>\n<\/ul>\n","protected":false},"excerpt":{"rendered":"<p>Fumot Digital Box Pod-Noble Amber sind wiederbef\u00fcllbare Pods f\u00fcr das Fumot Digital Box System und bieten maximale Flexibilit\u00e4t bei der Nutzung. Kunden k\u00f6nnen ihre bevorzugten Liquids frei w\u00e4hlen und individuell anpassen, wodurch das Dampferlebnis optimal personalisiert wird. Fumot Digital Box Pod-Noble Amber sind eine ideale Erg\u00e4nzung f\u00fcr jedes Vape-Sortiment und besonders gefragt bei Nutzern, die [&hellip;]<\/p>\n","protected":false},"featured_media":109824,"comment_status":"closed","ping_status":"closed","template":"","meta":[],"product_brand":[321],"product_cat":[81],"product_tag":[],"class_list":{"0":"post-109844","1":"product","2":"type-product","3":"status-publish","4":"has-post-thumbnail","6":"product_brand-fumot","7":"product_cat-vapes","9":"first","10":"instock","11":"taxable","12":"shipping-taxable","13":"product-type-simple"},"_links":{"self":[{"href":"https:\/\/dekaufmann.de\/index.php?rest_route=\/wp\/v2\/product\/109844","targetHints":{"allow":["GET"]}}],"collection":[{"href":"https:\/\/dekaufmann.de\/index.php?rest_route=\/wp\/v2\/product"}],"about":[{"href":"https:\/\/dekaufmann.de\/index.php?rest_route=\/wp\/v2\/types\/product"}],"replies":[{"embeddable":true,"href":"https:\/\/dekaufmann.de\/index.php?rest_route=%2Fwp%2Fv2%2Fcomments&post=109844"}],"wp:featuredmedia":[{"embeddable":true,"href":"https:\/\/dekaufmann.de\/index.php?rest_route=\/wp\/v2\/media\/109824"}],"wp:attachment":[{"href":"https:\/\/dekaufmann.de\/index.php?rest_route=%2Fwp%2Fv2%2Fmedia&parent=109844"}],"wp:term":[{"taxonomy":"product_brand","embeddable":true,"href":"https:\/\/dekaufmann.de\/index.php?rest_route=%2Fwp%2Fv2%2Fproduct_brand&post=109844"},{"taxonomy":"product_cat","embeddable":true,"href":"https:\/\/dekaufmann.de\/index.php?rest_route=%2Fwp%2Fv2%2Fproduct_cat&post=109844"},{"taxonomy":"product_tag","embeddable":true,"href":"https:\/\/dekaufmann.de\/index.php?rest_route=%2Fwp%2Fv2%2Fproduct_tag&post=109844"}],"curies":[{"name":"wp","href":"https:\/\/api.w.org\/{rel}","templated":true}]}}