{"id":109138,"date":"2026-01-15T12:28:45","date_gmt":"2026-01-15T12:28:45","guid":{"rendered":"https:\/\/dekaufmann.de\/?post_type=product&#038;p=109138"},"modified":"2026-01-15T12:44:12","modified_gmt":"2026-01-15T12:44:12","slug":"dschinni-blue-frsh-200g","status":"publish","type":"product","link":"https:\/\/dekaufmann.de\/?product=dschinni-blue-frsh-200g","title":{"rendered":"Dschinni Blue Frsh 200g &#8211; 26,90\u20ac"},"content":{"rendered":"<div class=\"flex flex-col text-sm pb-25\">\n<article class=\"text-token-text-primary w-full focus:outline-none [--shadow-height:45px] has-data-writing-block:pointer-events-none has-data-writing-block:-mt-(--shadow-height) has-data-writing-block:pt-(--shadow-height) [&amp;:has([data-writing-block])&gt;*]:pointer-events-auto scroll-mt-[calc(var(--header-height)+min(200px,max(70px,20svh)))]\" dir=\"auto\" tabindex=\"-1\" data-turn-id=\"57220192-bde6-4836-a480-430603f46d4b\" data-testid=\"conversation-turn-10\" data-scroll-anchor=\"true\" data-turn=\"assistant\">\n<div class=\"text-base my-auto mx-auto pb-10 [--thread-content-margin:--spacing(4)] @w-sm\/main:[--thread-content-margin:--spacing(6)] @w-lg\/main:[--thread-content-margin:--spacing(16)] px-(--thread-content-margin)\">\n<div class=\"[--thread-content-max-width:40rem] @w-lg\/main:[--thread-content-max-width:48rem] mx-auto max-w-(--thread-content-max-width) flex-1 group\/turn-messages focus-visible:outline-hidden relative flex w-full min-w-0 flex-col agent-turn\" tabindex=\"-1\">\n<div class=\"flex max-w-full flex-col grow\">\n<div class=\"min-h-8 text-message relative flex w-full flex-col items-end gap-2 text-start break-words whitespace-normal [.text-message+&amp;]:mt-1\" dir=\"auto\" data-message-author-role=\"assistant\" data-message-id=\"4b0388e3-15f1-469e-ba97-fb09274df075\" data-message-model-slug=\"gpt-5-2\">\n<div class=\"flex w-full flex-col gap-1 empty:hidden first:pt-[1px]\">\n<div class=\"markdown prose dark:prose-invert w-full break-words light markdown-new-styling\">\n<p data-start=\"42\" data-end=\"104\"><strong data-start=\"42\" data-end=\"104\">Dschinni Blue Frsh 200g \u2013 Fruchtig-frisch mit klarer K\u00fchle<\/strong><\/p>\n<p data-start=\"106\" data-end=\"128\">Verkaufspreis: 26,90 \u20ac<\/p>\n<p data-start=\"130\" data-end=\"405\">Erweitern Sie Ihr Shisha-Sortiment mit <strong data-start=\"169\" data-end=\"196\">Dschinni Blue Frsh 200g<\/strong> \u2013 einer gefragten Sorte, die fruchtige Blaubeer-Noten mit einer angenehmen Frische kombiniert. Diese Mischung \u00fcberzeugt durch intensive Aromen und geh\u00f6rt zu den Klassikern, die zuverl\u00e4ssig nachgefragt werden.<\/p>\n<p data-start=\"407\" data-end=\"429\"><strong data-start=\"407\" data-end=\"429\">Produkt-Highlights<\/strong><\/p>\n<ul data-start=\"431\" data-end=\"1058\">\n<li data-start=\"431\" data-end=\"566\">\n<p data-start=\"433\" data-end=\"566\"><strong data-start=\"433\" data-end=\"454\">Premium-Qualit\u00e4t:<\/strong> 200g fein geschnittener Shisha-Tabak mit optimaler Feuchtigkeit f\u00fcr dichten Rauch und gleichm\u00e4\u00dfige Sessions.<\/p>\n<\/li>\n<li data-start=\"567\" data-end=\"682\">\n<p data-start=\"569\" data-end=\"682\"><strong data-start=\"569\" data-end=\"593\">Beliebter Geschmack:<\/strong> Fruchtige Blaubeere trifft auf klare Frische \u2013 ausgewogen, intensiv und langanhaltend.<\/p>\n<\/li>\n<li data-start=\"683\" data-end=\"804\">\n<p data-start=\"685\" data-end=\"804\"><strong data-start=\"685\" data-end=\"706\">Hoher Wiederkauf:<\/strong> Sehr beliebt bei Stammkunden und Gelegenheitsrauchern, konstante Nachfrage im Alltagssortiment.<\/p>\n<\/li>\n<li data-start=\"805\" data-end=\"951\">\n<p data-start=\"807\" data-end=\"951\"><strong data-start=\"807\" data-end=\"832\">Starke Markenwirkung:<\/strong> <span class=\"hover:entity-accent entity-underline inline cursor-pointer align-baseline\"><span class=\"whitespace-normal\">Dschinni<\/span><\/span> steht f\u00fcr moderne Aromen, hochwertige Verarbeitung und hohe Markenbekanntheit.<\/p>\n<\/li>\n<li data-start=\"952\" data-end=\"1058\">\n<p data-start=\"954\" data-end=\"1058\"><strong data-start=\"954\" data-end=\"974\">H\u00e4ndler-Vorteil:<\/strong> Attraktives Preisniveau, gute Marge und verl\u00e4sslicher Abverkauf im Premium-Segment.<\/p>\n<\/li>\n<\/ul>\n<p data-start=\"1060\" data-end=\"1257\" data-is-last-node=\"\" data-is-only-node=\"\">Machen Sie <strong data-start=\"1071\" data-end=\"1098\">Dschinni Blue Frsh 200g<\/strong> zu einem festen Bestandteil Ihres Sortiments \u2013 ein bew\u00e4hrter Frischeklassiker zum Verkaufspreis von 26,90 \u20ac, der zuverl\u00e4ssig Umsatz und Wiederk\u00e4ufe generiert.<\/p>\n<\/div>\n<\/div>\n<\/div>\n<\/div>\n<\/div>\n<\/div>\n<\/article>\n<\/div>\n","protected":false},"excerpt":{"rendered":"<p>Dschinni Blue Frsh 200g \u2013 Fruchtig-frisch mit klarer K\u00fchle Verkaufspreis: 26,90 \u20ac Erweitern Sie Ihr Shisha-Sortiment mit Dschinni Blue Frsh 200g \u2013 einer gefragten Sorte, die fruchtige Blaubeer-Noten mit einer angenehmen Frische kombiniert. Diese Mischung \u00fcberzeugt durch intensive Aromen und geh\u00f6rt zu den Klassikern, die zuverl\u00e4ssig nachgefragt werden. Produkt-Highlights Premium-Qualit\u00e4t: 200g fein geschnittener Shisha-Tabak mit [&hellip;]<\/p>\n","protected":false},"featured_media":109139,"comment_status":"closed","ping_status":"closed","template":"","meta":[],"product_brand":[188],"product_cat":[125],"product_tag":[],"class_list":{"0":"post-109138","1":"product","2":"type-product","3":"status-publish","4":"has-post-thumbnail","6":"product_brand-dschinni","7":"product_cat-shisha-tabak","8":"product_shipping_class-reduced-rate","10":"first","11":"instock","12":"taxable","13":"shipping-taxable","14":"product-type-simple"},"_links":{"self":[{"href":"https:\/\/dekaufmann.de\/index.php?rest_route=\/wp\/v2\/product\/109138","targetHints":{"allow":["GET"]}}],"collection":[{"href":"https:\/\/dekaufmann.de\/index.php?rest_route=\/wp\/v2\/product"}],"about":[{"href":"https:\/\/dekaufmann.de\/index.php?rest_route=\/wp\/v2\/types\/product"}],"replies":[{"embeddable":true,"href":"https:\/\/dekaufmann.de\/index.php?rest_route=%2Fwp%2Fv2%2Fcomments&post=109138"}],"wp:featuredmedia":[{"embeddable":true,"href":"https:\/\/dekaufmann.de\/index.php?rest_route=\/wp\/v2\/media\/109139"}],"wp:attachment":[{"href":"https:\/\/dekaufmann.de\/index.php?rest_route=%2Fwp%2Fv2%2Fmedia&parent=109138"}],"wp:term":[{"taxonomy":"product_brand","embeddable":true,"href":"https:\/\/dekaufmann.de\/index.php?rest_route=%2Fwp%2Fv2%2Fproduct_brand&post=109138"},{"taxonomy":"product_cat","embeddable":true,"href":"https:\/\/dekaufmann.de\/index.php?rest_route=%2Fwp%2Fv2%2Fproduct_cat&post=109138"},{"taxonomy":"product_tag","embeddable":true,"href":"https:\/\/dekaufmann.de\/index.php?rest_route=%2Fwp%2Fv2%2Fproduct_tag&post=109138"}],"curies":[{"name":"wp","href":"https:\/\/api.w.org\/{rel}","templated":true}]}}