{"id":109062,"date":"2026-01-08T12:25:49","date_gmt":"2026-01-08T12:25:49","guid":{"rendered":"https:\/\/dekaufmann.de\/?post_type=product&#038;p=109062"},"modified":"2026-03-16T11:44:32","modified_gmt":"2026-03-16T11:44:32","slug":"stral-basil-grayp-kiwi-200g","status":"publish","type":"product","link":"https:\/\/dekaufmann.de\/?product=stral-basil-grayp-kiwi-200g","title":{"rendered":"Stral Basil Grayp Kiwi 200g &#8211; 27,90\u20ac"},"content":{"rendered":"<p data-start=\"98\" data-end=\"387\">Erweitern Sie Ihr Sortiment mit <strong data-start=\"130\" data-end=\"161\">Stral Basil Grayp Kiwi 200g<\/strong> \u2013 einer modernen Premium-Mischung f\u00fcr anspruchsvolle Shisha-Kunden. Die Kombination aus aromatischem Basilikum, fruchtiger Traube und frischer Kiwi hebt sich klar von Standard-Flavors ab und sorgt f\u00fcr Aufmerksamkeit im Regal.<\/p>\n<p data-start=\"389\" data-end=\"411\"><strong data-start=\"389\" data-end=\"411\">Produkt-Highlights<\/strong><\/p>\n<ul data-start=\"412\" data-end=\"1010\">\n<li data-start=\"412\" data-end=\"554\">\n<p data-start=\"414\" data-end=\"554\"><strong data-start=\"414\" data-end=\"435\">Premium-Qualit\u00e4t:<\/strong> 200 g hochwertiger Shisha-Tabak mit optimalem Schnitt und idealer Feuchtigkeit f\u00fcr dichten Rauch und lange Sessions.<\/p>\n<\/li>\n<li data-start=\"555\" data-end=\"693\">\n<p data-start=\"557\" data-end=\"693\"><strong data-start=\"557\" data-end=\"581\">Einzigartiges Aroma:<\/strong> Kr\u00e4uterige Basilikum-Note trifft auf s\u00fc\u00df-fruchtige Traube und spritzige Kiwi \u2013 frisch, ausgewogen und modern.<\/p>\n<\/li>\n<li data-start=\"694\" data-end=\"798\">\n<p data-start=\"696\" data-end=\"798\"><strong data-start=\"696\" data-end=\"716\">Trend-Geschmack:<\/strong> Besonders gefragt bei erfahrenen Rauchern, die neue und komplexe Aromen suchen.<\/p>\n<\/li>\n<li data-start=\"799\" data-end=\"906\">\n<p data-start=\"801\" data-end=\"906\"><strong data-start=\"801\" data-end=\"825\">Starke Pr\u00e4sentation:<\/strong> Hochwertige Verpackung mit Wiedererkennungswert \u2013 ideal als Blickfang im Shop.<\/p>\n<\/li>\n<li data-start=\"907\" data-end=\"1010\">\n<p data-start=\"909\" data-end=\"1010\"><strong data-start=\"909\" data-end=\"935\">Attraktiv f\u00fcr H\u00e4ndler:<\/strong> Premium-Preisniveau, gute Marge und klare Differenzierung vom Massenmarkt.<\/p>\n<\/li>\n<li data-start=\"907\" data-end=\"1010\"><strong>Verkaufspreis:<\/strong> 27,90\u20ac<\/li>\n<\/ul>\n<p data-start=\"1012\" data-end=\"1166\" data-is-last-node=\"\" data-is-only-node=\"\">Machen Sie <strong data-start=\"1023\" data-end=\"1054\">Stral Basil Grayp Kiwi 200g<\/strong> zu einem Highlight in Ihrem Sortiment \u2013 ein au\u00dfergew\u00f6hnlicher Tabak f\u00fcr Kunden, die mehr als Standard erwarten.<\/p>\n","protected":false},"excerpt":{"rendered":"<p>Erweitern Sie Ihr Sortiment mit Stral Basil Grayp Kiwi 200g \u2013 einer modernen Premium-Mischung f\u00fcr anspruchsvolle Shisha-Kunden. Die Kombination aus aromatischem Basilikum, fruchtiger Traube und frischer Kiwi hebt sich klar von Standard-Flavors ab und sorgt f\u00fcr Aufmerksamkeit im Regal. Produkt-Highlights Premium-Qualit\u00e4t: 200 g hochwertiger Shisha-Tabak mit optimalem Schnitt und idealer Feuchtigkeit f\u00fcr dichten Rauch und [&hellip;]<\/p>\n","protected":false},"featured_media":109063,"comment_status":"closed","ping_status":"closed","template":"","meta":[],"product_brand":[301],"product_cat":[125],"product_tag":[],"class_list":{"0":"post-109062","1":"product","2":"type-product","3":"status-publish","4":"has-post-thumbnail","6":"product_brand-stral","7":"product_cat-shisha-tabak","8":"product_shipping_class-reduced-rate","10":"first","11":"instock","12":"taxable","13":"shipping-taxable","14":"product-type-simple"},"_links":{"self":[{"href":"https:\/\/dekaufmann.de\/index.php?rest_route=\/wp\/v2\/product\/109062","targetHints":{"allow":["GET"]}}],"collection":[{"href":"https:\/\/dekaufmann.de\/index.php?rest_route=\/wp\/v2\/product"}],"about":[{"href":"https:\/\/dekaufmann.de\/index.php?rest_route=\/wp\/v2\/types\/product"}],"replies":[{"embeddable":true,"href":"https:\/\/dekaufmann.de\/index.php?rest_route=%2Fwp%2Fv2%2Fcomments&post=109062"}],"wp:featuredmedia":[{"embeddable":true,"href":"https:\/\/dekaufmann.de\/index.php?rest_route=\/wp\/v2\/media\/109063"}],"wp:attachment":[{"href":"https:\/\/dekaufmann.de\/index.php?rest_route=%2Fwp%2Fv2%2Fmedia&parent=109062"}],"wp:term":[{"taxonomy":"product_brand","embeddable":true,"href":"https:\/\/dekaufmann.de\/index.php?rest_route=%2Fwp%2Fv2%2Fproduct_brand&post=109062"},{"taxonomy":"product_cat","embeddable":true,"href":"https:\/\/dekaufmann.de\/index.php?rest_route=%2Fwp%2Fv2%2Fproduct_cat&post=109062"},{"taxonomy":"product_tag","embeddable":true,"href":"https:\/\/dekaufmann.de\/index.php?rest_route=%2Fwp%2Fv2%2Fproduct_tag&post=109062"}],"curies":[{"name":"wp","href":"https:\/\/api.w.org\/{rel}","templated":true}]}}