{"id":108812,"date":"2025-12-16T09:18:30","date_gmt":"2025-12-16T09:18:30","guid":{"rendered":"https:\/\/dekaufmann.de\/?post_type=product&#038;p=108812"},"modified":"2026-04-18T01:19:58","modified_gmt":"2026-04-18T01:19:58","slug":"balconi-crostatina-hazelnut-schoko-240g","status":"publish","type":"product","link":"https:\/\/dekaufmann.de\/?product=balconi-crostatina-hazelnut-schoko-240g","title":{"rendered":"Balconi Crostatina Hazelnut Schoko 240g"},"content":{"rendered":"<h2 data-start=\"210\" data-end=\"249\">Balconi Crostatina Hazelnut Schoko<\/h2>\n<p data-start=\"250\" data-end=\"332\"><strong data-start=\"250\" data-end=\"332\">Mini-T\u00f6rtchen mit Haselnuss-Schoko-F\u00fcllung \u2013 ideal f\u00fcr Familien &amp; to-go K\u00e4ufer<\/strong><\/p>\n<p data-start=\"334\" data-end=\"716\">Balconi Crostatina Hazelnut Schoko ist ein weiches, kleines Geb\u00e4ck-T\u00f6rtchen mit einer cremigen Haselnuss-Schokoladenf\u00fcllung. Das Produkt spricht besonders Familien, Kinder und alle Kunden an, die einen s\u00fc\u00dfen, handlichen Snack f\u00fcr zwischendurch suchen. Durch die Kombination aus hochwertigem Balconi-Geb\u00e4ck und einer beliebten Haselnusscreme rotiert die Crostatina zuverl\u00e4ssig stark.<\/p>\n<p data-start=\"718\" data-end=\"899\">Die kompakte Einzelgr\u00f6\u00dfe eignet sich perfekt f\u00fcr Kioske, Superm\u00e4rkte, Sp\u00e4tis, Tankstellen, <strong data-start=\"809\" data-end=\"827\">Snackautomaten<\/strong> und den Onlinehandel. Ein idealer Impulssnack mit hoher Wiederkaufrate.<\/p>\n<h3 data-start=\"901\" data-end=\"925\">Vorteile f\u00fcr H\u00e4ndler<\/h3>\n<ul data-start=\"926\" data-end=\"1248\">\n<li data-start=\"926\" data-end=\"991\">\n<p data-start=\"928\" data-end=\"991\">Beliebte Haselnuss-Schoko-F\u00fcllung \u2192 breite Zielgruppenwirkung<\/p>\n<\/li>\n<li data-start=\"992\" data-end=\"1040\">\n<p data-start=\"994\" data-end=\"1040\">Weiches Geb\u00e4ck \u2192 ideal f\u00fcr Kinder &amp; Familien<\/p>\n<\/li>\n<li data-start=\"1041\" data-end=\"1084\">\n<p data-start=\"1043\" data-end=\"1084\">Perfekter Impulskaufsnack f\u00fcr unterwegs<\/p>\n<\/li>\n<li data-start=\"1085\" data-end=\"1149\">\n<p data-start=\"1087\" data-end=\"1149\"><strong data-start=\"1087\" data-end=\"1127\">Sehr gut geeignet f\u00fcr Snackautomaten<\/strong> (kompakt &amp; haltbar)<\/p>\n<\/li>\n<li data-start=\"1150\" data-end=\"1209\">\n<p data-start=\"1152\" data-end=\"1209\">Attraktive Marge und schnelle Rotation im S\u00fc\u00dfwarenregal<\/p>\n<\/li>\n<li data-start=\"1210\" data-end=\"1248\">\n<p data-start=\"1212\" data-end=\"1248\">Hohe Markenbekanntheit durch Balconi<\/p>\n<\/li>\n<\/ul>\n<h3 data-start=\"1250\" data-end=\"1268\">Produktdetails<\/h3>\n<ul data-start=\"1269\" data-end=\"1370\">\n<li data-start=\"1269\" data-end=\"1320\">\n<p data-start=\"1271\" data-end=\"1320\"><strong data-start=\"1271\" data-end=\"1283\">Produkt:<\/strong> Balconi Crostatina Hazelnut Schoko<\/p>\n<\/li>\n<li data-start=\"1321\" data-end=\"1370\">\n<p data-start=\"1323\" data-end=\"1370\"><strong data-start=\"1323\" data-end=\"1337\">Kategorie:<\/strong> Geb\u00e4ck \/ Kuchenriegel \/ Snacks<\/p>\n<\/li>\n<\/ul>\n","protected":false},"excerpt":{"rendered":"<p>Balconi Crostatina Hazelnut Schoko Mini-T\u00f6rtchen mit Haselnuss-Schoko-F\u00fcllung \u2013 ideal f\u00fcr Familien &amp; to-go K\u00e4ufer Balconi Crostatina Hazelnut Schoko ist ein weiches, kleines Geb\u00e4ck-T\u00f6rtchen mit einer cremigen Haselnuss-Schokoladenf\u00fcllung. Das Produkt spricht besonders Familien, Kinder und alle Kunden an, die einen s\u00fc\u00dfen, handlichen Snack f\u00fcr zwischendurch suchen. Durch die Kombination aus hochwertigem Balconi-Geb\u00e4ck und einer beliebten Haselnusscreme [&hellip;]<\/p>\n","protected":false},"featured_media":108815,"comment_status":"closed","ping_status":"closed","template":"","meta":[],"product_brand":[190],"product_cat":[133],"product_tag":[],"class_list":{"0":"post-108812","1":"product","2":"type-product","3":"status-publish","4":"has-post-thumbnail","6":"product_brand-balconi","7":"product_cat-snacks","9":"first","10":"instock","11":"sale","12":"taxable","13":"shipping-taxable","14":"product-type-simple"},"_links":{"self":[{"href":"https:\/\/dekaufmann.de\/index.php?rest_route=\/wp\/v2\/product\/108812","targetHints":{"allow":["GET"]}}],"collection":[{"href":"https:\/\/dekaufmann.de\/index.php?rest_route=\/wp\/v2\/product"}],"about":[{"href":"https:\/\/dekaufmann.de\/index.php?rest_route=\/wp\/v2\/types\/product"}],"replies":[{"embeddable":true,"href":"https:\/\/dekaufmann.de\/index.php?rest_route=%2Fwp%2Fv2%2Fcomments&post=108812"}],"wp:featuredmedia":[{"embeddable":true,"href":"https:\/\/dekaufmann.de\/index.php?rest_route=\/wp\/v2\/media\/108815"}],"wp:attachment":[{"href":"https:\/\/dekaufmann.de\/index.php?rest_route=%2Fwp%2Fv2%2Fmedia&parent=108812"}],"wp:term":[{"taxonomy":"product_brand","embeddable":true,"href":"https:\/\/dekaufmann.de\/index.php?rest_route=%2Fwp%2Fv2%2Fproduct_brand&post=108812"},{"taxonomy":"product_cat","embeddable":true,"href":"https:\/\/dekaufmann.de\/index.php?rest_route=%2Fwp%2Fv2%2Fproduct_cat&post=108812"},{"taxonomy":"product_tag","embeddable":true,"href":"https:\/\/dekaufmann.de\/index.php?rest_route=%2Fwp%2Fv2%2Fproduct_tag&post=108812"}],"curies":[{"name":"wp","href":"https:\/\/api.w.org\/{rel}","templated":true}]}}