{"id":108701,"date":"2025-12-11T14:36:51","date_gmt":"2025-12-11T14:36:51","guid":{"rendered":"https:\/\/dekaufmann.de\/?post_type=product&#038;p=108701"},"modified":"2026-01-14T12:29:01","modified_gmt":"2026-01-14T12:29:01","slug":"aino-tabak-oha-200g","status":"publish","type":"product","link":"https:\/\/dekaufmann.de\/?product=aino-tabak-oha-200g","title":{"rendered":"Aino Tabak Oha 200g &#8211; 27,90\u20ac"},"content":{"rendered":"<h2 data-start=\"123\" data-end=\"162\">Aino Tabak Oha \u2013 200g &#8211; 27,90\u20ac<\/h2>\n<p data-start=\"163\" data-end=\"213\"><strong data-start=\"163\" data-end=\"213\">Fruchtig-frischer Mix mit hohem Trendpotenzial<\/strong><\/p>\n<p data-start=\"215\" data-end=\"527\">Aino Oha bietet einen intensiven, s\u00fc\u00df-fruchtigen Geschmack kombiniert mit einer angenehmen Frische. Diese Sorte geh\u00f6rt zu den moderneren Aino-Aromen und spricht besonders junge, trendorientierte Shisha-Kunden an. Der klare, leicht frische Fruchtmix sorgt f\u00fcr schnelle Kaufentscheidungen und hohe Wiederkaufraten.<\/p>\n<p data-start=\"529\" data-end=\"693\">Mit <strong data-start=\"533\" data-end=\"542\">200 g<\/strong> zu <strong data-start=\"546\" data-end=\"557\">27,90 \u20ac<\/strong> bietet Oha eine attraktive Marge und eignet sich ideal f\u00fcr Shops, die auf Lifestyle-, Trend- und Social-Media-getriebene Sorten setzen.<\/p>\n<h3 data-start=\"695\" data-end=\"719\">Vorteile f\u00fcr H\u00e4ndler<\/h3>\n<ul data-start=\"720\" data-end=\"967\">\n<li data-start=\"720\" data-end=\"774\">\n<p data-start=\"722\" data-end=\"774\">Moderner Frucht-Fresh-Mix \u2192 sehr breite Zielgruppe<\/p>\n<\/li>\n<li data-start=\"775\" data-end=\"820\">\n<p data-start=\"777\" data-end=\"820\">Trendstarker Geschmack mit guter Rotation<\/p>\n<\/li>\n<li data-start=\"821\" data-end=\"866\">\n<p data-start=\"823\" data-end=\"866\">Attraktive Handelsspanne im 200-g-Segment<\/p>\n<\/li>\n<li data-start=\"867\" data-end=\"926\">\n<p data-start=\"869\" data-end=\"926\">Starkes Branding von Aino sorgt f\u00fcr hohe Aufmerksamkeit<\/p>\n<\/li>\n<li data-start=\"927\" data-end=\"967\">\n<p data-start=\"929\" data-end=\"967\">Perfekt f\u00fcr junge Kunden &amp; Impulsk\u00e4ufe<\/p>\n<\/li>\n<\/ul>\n<h3 data-start=\"969\" data-end=\"987\">Produktdetails<\/h3>\n<ul data-start=\"988\" data-end=\"1096\">\n<li data-start=\"988\" data-end=\"1006\">\n<p data-start=\"990\" data-end=\"1006\"><strong data-start=\"990\" data-end=\"1000\">Sorte:<\/strong> Oha<\/p>\n<\/li>\n<li data-start=\"1007\" data-end=\"1028\">\n<p data-start=\"1009\" data-end=\"1028\"><strong data-start=\"1009\" data-end=\"1020\">Inhalt:<\/strong> 200 g<\/p>\n<\/li>\n<li data-start=\"1029\" data-end=\"1051\">\n<p data-start=\"1031\" data-end=\"1051\"><strong data-start=\"1031\" data-end=\"1041\">Preis:<\/strong> 27,90 \u20ac<\/p>\n<\/li>\n<li data-start=\"1052\" data-end=\"1096\">\n<p data-start=\"1054\" data-end=\"1096\"><strong data-start=\"1054\" data-end=\"1068\">Kategorie:<\/strong> Aromatisierter Shisha-Tabak<\/p>\n<\/li>\n<\/ul>\n","protected":false},"excerpt":{"rendered":"<p>Aino Tabak Oha \u2013 200g &#8211; 27,90\u20ac Fruchtig-frischer Mix mit hohem Trendpotenzial Aino Oha bietet einen intensiven, s\u00fc\u00df-fruchtigen Geschmack kombiniert mit einer angenehmen Frische. Diese Sorte geh\u00f6rt zu den moderneren Aino-Aromen und spricht besonders junge, trendorientierte Shisha-Kunden an. Der klare, leicht frische Fruchtmix sorgt f\u00fcr schnelle Kaufentscheidungen und hohe Wiederkaufraten. Mit 200 g zu 27,90 [&hellip;]<\/p>\n","protected":false},"featured_media":108698,"comment_status":"closed","ping_status":"closed","template":"","meta":[],"product_brand":[303],"product_cat":[125],"product_tag":[],"class_list":{"0":"post-108701","1":"product","2":"type-product","3":"status-publish","4":"has-post-thumbnail","6":"product_brand-aino","7":"product_cat-shisha-tabak","8":"product_shipping_class-reduced-rate","10":"first","11":"instock","12":"taxable","13":"shipping-taxable","14":"product-type-simple"},"_links":{"self":[{"href":"https:\/\/dekaufmann.de\/index.php?rest_route=\/wp\/v2\/product\/108701","targetHints":{"allow":["GET"]}}],"collection":[{"href":"https:\/\/dekaufmann.de\/index.php?rest_route=\/wp\/v2\/product"}],"about":[{"href":"https:\/\/dekaufmann.de\/index.php?rest_route=\/wp\/v2\/types\/product"}],"replies":[{"embeddable":true,"href":"https:\/\/dekaufmann.de\/index.php?rest_route=%2Fwp%2Fv2%2Fcomments&post=108701"}],"wp:featuredmedia":[{"embeddable":true,"href":"https:\/\/dekaufmann.de\/index.php?rest_route=\/wp\/v2\/media\/108698"}],"wp:attachment":[{"href":"https:\/\/dekaufmann.de\/index.php?rest_route=%2Fwp%2Fv2%2Fmedia&parent=108701"}],"wp:term":[{"taxonomy":"product_brand","embeddable":true,"href":"https:\/\/dekaufmann.de\/index.php?rest_route=%2Fwp%2Fv2%2Fproduct_brand&post=108701"},{"taxonomy":"product_cat","embeddable":true,"href":"https:\/\/dekaufmann.de\/index.php?rest_route=%2Fwp%2Fv2%2Fproduct_cat&post=108701"},{"taxonomy":"product_tag","embeddable":true,"href":"https:\/\/dekaufmann.de\/index.php?rest_route=%2Fwp%2Fv2%2Fproduct_tag&post=108701"}],"curies":[{"name":"wp","href":"https:\/\/api.w.org\/{rel}","templated":true}]}}