{"id":108691,"date":"2025-12-11T14:16:41","date_gmt":"2025-12-11T14:16:41","guid":{"rendered":"https:\/\/dekaufmann.de\/?post_type=product&#038;p=108691"},"modified":"2026-04-16T05:07:39","modified_gmt":"2026-04-16T05:07:39","slug":"maridan-tabak-tingle-tangle-200g","status":"publish","type":"product","link":"https:\/\/dekaufmann.de\/?product=maridan-tabak-tingle-tangle-200g","title":{"rendered":"Maridan Tabak Tingle Tangle 200g &#8211; 26,90\u20ac"},"content":{"rendered":"<h2 data-start=\"136\" data-end=\"188\">Maridan Tabak Tingle Tangle \u2013 200g &#8211; 26,90\u20ac<\/h2>\n<p data-start=\"189\" data-end=\"260\"><strong data-start=\"189\" data-end=\"260\">Der absolute Maridan-Bestseller \u2013 fruchtig, frisch &amp; extrem gefragt<\/strong><\/p>\n<p data-start=\"262\" data-end=\"587\">Maridan Tingle Tangle geh\u00f6rt zu den bekanntesten und beliebtesten Sorten im gesamten Shisha-Markt. Der intensive Mix aus s\u00fc\u00df-fruchtigen Aromen mit einer leichten Frische trifft den Geschmack einer extrem breiten Zielgruppe und sorgt seit Jahren f\u00fcr konstant hohe Verkaufszahlen \u2013 sowohl online als auch im station\u00e4ren Handel.<\/p>\n<p data-start=\"589\" data-end=\"837\">Die <strong data-start=\"593\" data-end=\"618\">200-g-Dose zu 26,90 \u20ac<\/strong> bietet eine starke Marge und ist ein Garant f\u00fcr schnelle Rotation. F\u00fcr H\u00e4ndler ist Tingle Tangle ein Must-have im Sortiment, da die Sorte zu den meistgesuchten Maridan-Flavours geh\u00f6rt und oft mehrfach nachgekauft wird.<\/p>\n<h3 data-start=\"839\" data-end=\"863\">Vorteile f\u00fcr H\u00e4ndler<\/h3>\n<ul data-start=\"864\" data-end=\"1120\">\n<li data-start=\"864\" data-end=\"920\">\n<p data-start=\"866\" data-end=\"920\">Einer der meistverkauften Shisha-Tabake Deutschlands<\/p>\n<\/li>\n<li data-start=\"921\" data-end=\"966\">\n<p data-start=\"923\" data-end=\"966\">Breite Zielgruppe \u2192 extrem hohe Nachfrage<\/p>\n<\/li>\n<li data-start=\"967\" data-end=\"1002\">\n<p data-start=\"969\" data-end=\"1002\">Sehr gute Marge im 200-g-Format<\/p>\n<\/li>\n<li data-start=\"1003\" data-end=\"1054\">\n<p data-start=\"1005\" data-end=\"1054\">Perfekter Seller f\u00fcr Regalfokus &amp; Kassenbereich<\/p>\n<\/li>\n<li data-start=\"1055\" data-end=\"1120\">\n<p data-start=\"1057\" data-end=\"1120\">Starkes Markenimage von Maridan unterst\u00fctzt schnellen Abverkauf<\/p>\n<\/li>\n<\/ul>\n<h3 data-start=\"1122\" data-end=\"1140\">Produktdetails<\/h3>\n<ul data-start=\"1141\" data-end=\"1259\">\n<li data-start=\"1141\" data-end=\"1169\">\n<p data-start=\"1143\" data-end=\"1169\"><strong data-start=\"1143\" data-end=\"1153\">Sorte:<\/strong> Tingle Tangle<\/p>\n<\/li>\n<li data-start=\"1170\" data-end=\"1191\">\n<p data-start=\"1172\" data-end=\"1191\"><strong data-start=\"1172\" data-end=\"1183\">Inhalt:<\/strong> 200 g<\/p>\n<\/li>\n<li data-start=\"1192\" data-end=\"1214\">\n<p data-start=\"1194\" data-end=\"1214\"><strong data-start=\"1194\" data-end=\"1204\">Verkaufspreis:<\/strong> 26,90 \u20ac<\/p>\n<\/li>\n<li data-start=\"1215\" data-end=\"1259\">\n<p data-start=\"1217\" data-end=\"1259\"><strong data-start=\"1217\" data-end=\"1231\">Kategorie:<\/strong> Aromatisierter Shisha-Tabak<\/p>\n<\/li>\n<\/ul>\n","protected":false},"excerpt":{"rendered":"<p>Maridan Tabak Tingle Tangle \u2013 200g &#8211; 26,90\u20ac Der absolute Maridan-Bestseller \u2013 fruchtig, frisch &amp; extrem gefragt Maridan Tingle Tangle geh\u00f6rt zu den bekanntesten und beliebtesten Sorten im gesamten Shisha-Markt. Der intensive Mix aus s\u00fc\u00df-fruchtigen Aromen mit einer leichten Frische trifft den Geschmack einer extrem breiten Zielgruppe und sorgt seit Jahren f\u00fcr konstant hohe Verkaufszahlen [&hellip;]<\/p>\n","protected":false},"featured_media":108692,"comment_status":"closed","ping_status":"closed","template":"","meta":[],"product_brand":[302],"product_cat":[125],"product_tag":[],"class_list":{"0":"post-108691","1":"product","2":"type-product","3":"status-publish","4":"has-post-thumbnail","6":"product_brand-maridan","7":"product_cat-shisha-tabak","8":"product_shipping_class-reduced-rate","10":"first","11":"instock","12":"taxable","13":"shipping-taxable","14":"product-type-simple"},"_links":{"self":[{"href":"https:\/\/dekaufmann.de\/index.php?rest_route=\/wp\/v2\/product\/108691","targetHints":{"allow":["GET"]}}],"collection":[{"href":"https:\/\/dekaufmann.de\/index.php?rest_route=\/wp\/v2\/product"}],"about":[{"href":"https:\/\/dekaufmann.de\/index.php?rest_route=\/wp\/v2\/types\/product"}],"replies":[{"embeddable":true,"href":"https:\/\/dekaufmann.de\/index.php?rest_route=%2Fwp%2Fv2%2Fcomments&post=108691"}],"wp:featuredmedia":[{"embeddable":true,"href":"https:\/\/dekaufmann.de\/index.php?rest_route=\/wp\/v2\/media\/108692"}],"wp:attachment":[{"href":"https:\/\/dekaufmann.de\/index.php?rest_route=%2Fwp%2Fv2%2Fmedia&parent=108691"}],"wp:term":[{"taxonomy":"product_brand","embeddable":true,"href":"https:\/\/dekaufmann.de\/index.php?rest_route=%2Fwp%2Fv2%2Fproduct_brand&post=108691"},{"taxonomy":"product_cat","embeddable":true,"href":"https:\/\/dekaufmann.de\/index.php?rest_route=%2Fwp%2Fv2%2Fproduct_cat&post=108691"},{"taxonomy":"product_tag","embeddable":true,"href":"https:\/\/dekaufmann.de\/index.php?rest_route=%2Fwp%2Fv2%2Fproduct_tag&post=108691"}],"curies":[{"name":"wp","href":"https:\/\/api.w.org\/{rel}","templated":true}]}}