{"id":108368,"date":"2025-12-09T13:55:18","date_gmt":"2025-12-09T13:55:18","guid":{"rendered":"https:\/\/dekaufmann.de\/?post_type=product&#038;p=108368"},"modified":"2026-05-04T12:00:33","modified_gmt":"2026-05-04T12:00:33","slug":"187-strassenbande-tabak-i-love-hamburg-200g-2690e","status":"publish","type":"product","link":"https:\/\/dekaufmann.de\/?product=187-strassenbande-tabak-i-love-hamburg-200g-2690e","title":{"rendered":"187 Strassenbande i Love Hamburg 200g &#8211; 26,90\u20ac"},"content":{"rendered":"<h2 data-start=\"143\" data-end=\"206\">187 Strassenbande Tabak I Love Hamburg \u2013 200g &#8211; 26,90 \u20ac<\/h2>\n<p data-start=\"207\" data-end=\"253\"><strong data-start=\"207\" data-end=\"253\">Starker Fan-Favorit mit schneller Rotation<\/strong><\/p>\n<p data-start=\"255\" data-end=\"501\">187 I Love Hamburg z\u00e4hlt zu den Sorten, die sich im Handel konstant gut verkaufen. Das aromatische, fruchtig-frische Geschmacksprofil spricht sowohl Stammkunden als auch neue K\u00e4ufer an \u2013 ideal f\u00fcr H\u00e4ndler, die Produkte mit hohem Durchlauf suchen.<\/p>\n<p data-start=\"503\" data-end=\"690\">Durch die starke Markenpr\u00e4senz von 187 Strassenbande und dem attraktiven Preis von 26,90 \u20ac l\u00e4sst sich die 200-g-Dose sehr gut kalkulieren und bietet eine solide Marge f\u00fcr Wiederverk\u00e4ufer.<\/p>\n<h3 data-start=\"692\" data-end=\"716\">Vorteile f\u00fcr H\u00e4ndler<\/h3>\n<ul data-start=\"717\" data-end=\"923\">\n<li data-start=\"717\" data-end=\"762\">\n<p data-start=\"719\" data-end=\"762\">Beliebte 187-Sorte mit stabiler Nachfrage<\/p>\n<\/li>\n<li data-start=\"763\" data-end=\"805\">\n<p data-start=\"765\" data-end=\"805\">Schneller Abverkauf dank starker Marke<\/p>\n<\/li>\n<li data-start=\"806\" data-end=\"836\">\n<p data-start=\"808\" data-end=\"836\">Hohe Sichtbarkeit im Regal<\/p>\n<\/li>\n<li data-start=\"837\" data-end=\"873\">\n<p data-start=\"839\" data-end=\"873\">Sehr gute Marge im 200-g-Bereich<\/p>\n<\/li>\n<li data-start=\"874\" data-end=\"923\">\n<p data-start=\"876\" data-end=\"923\">Ideal f\u00fcr Shisha-Lounges, Kioske &amp; Onlinehandel<\/p>\n<\/li>\n<\/ul>\n<h3 data-start=\"925\" data-end=\"943\">Produktdetails<\/h3>\n<ul data-start=\"944\" data-end=\"1062\">\n<li data-start=\"944\" data-end=\"973\">\n<p data-start=\"946\" data-end=\"973\"><strong data-start=\"946\" data-end=\"956\">Sorte:<\/strong> I Love Hamburg<\/p>\n<\/li>\n<li data-start=\"974\" data-end=\"994\">\n<p data-start=\"976\" data-end=\"994\"><strong data-start=\"976\" data-end=\"986\">Menge:<\/strong> 200 g<\/p>\n<\/li>\n<li data-start=\"995\" data-end=\"1017\">\n<p data-start=\"997\" data-end=\"1017\"><strong data-start=\"997\" data-end=\"1007\">Verkaufspreis:<\/strong> 26,90 \u20ac<\/p>\n<\/li>\n<li data-start=\"1018\" data-end=\"1062\">\n<p data-start=\"1020\" data-end=\"1062\"><strong data-start=\"1020\" data-end=\"1034\">Kategorie:<\/strong> Aromatisierter Shisha-Tabak<\/p>\n<\/li>\n<\/ul>\n","protected":false},"excerpt":{"rendered":"<p>187 Strassenbande Tabak I Love Hamburg \u2013 200g &#8211; 26,90 \u20ac Starker Fan-Favorit mit schneller Rotation 187 I Love Hamburg z\u00e4hlt zu den Sorten, die sich im Handel konstant gut verkaufen. Das aromatische, fruchtig-frische Geschmacksprofil spricht sowohl Stammkunden als auch neue K\u00e4ufer an \u2013 ideal f\u00fcr H\u00e4ndler, die Produkte mit hohem Durchlauf suchen. Durch die [&hellip;]<\/p>\n","protected":false},"featured_media":108369,"comment_status":"closed","ping_status":"closed","template":"","meta":[],"product_brand":[295],"product_cat":[125],"product_tag":[],"class_list":{"0":"post-108368","1":"product","2":"type-product","3":"status-publish","4":"has-post-thumbnail","6":"product_brand-187-strassenbande","7":"product_cat-shisha-tabak","8":"product_shipping_class-reduced-rate","10":"first","11":"instock","12":"taxable","13":"shipping-taxable","14":"product-type-simple"},"_links":{"self":[{"href":"https:\/\/dekaufmann.de\/index.php?rest_route=\/wp\/v2\/product\/108368","targetHints":{"allow":["GET"]}}],"collection":[{"href":"https:\/\/dekaufmann.de\/index.php?rest_route=\/wp\/v2\/product"}],"about":[{"href":"https:\/\/dekaufmann.de\/index.php?rest_route=\/wp\/v2\/types\/product"}],"replies":[{"embeddable":true,"href":"https:\/\/dekaufmann.de\/index.php?rest_route=%2Fwp%2Fv2%2Fcomments&post=108368"}],"wp:featuredmedia":[{"embeddable":true,"href":"https:\/\/dekaufmann.de\/index.php?rest_route=\/wp\/v2\/media\/108369"}],"wp:attachment":[{"href":"https:\/\/dekaufmann.de\/index.php?rest_route=%2Fwp%2Fv2%2Fmedia&parent=108368"}],"wp:term":[{"taxonomy":"product_brand","embeddable":true,"href":"https:\/\/dekaufmann.de\/index.php?rest_route=%2Fwp%2Fv2%2Fproduct_brand&post=108368"},{"taxonomy":"product_cat","embeddable":true,"href":"https:\/\/dekaufmann.de\/index.php?rest_route=%2Fwp%2Fv2%2Fproduct_cat&post=108368"},{"taxonomy":"product_tag","embeddable":true,"href":"https:\/\/dekaufmann.de\/index.php?rest_route=%2Fwp%2Fv2%2Fproduct_tag&post=108368"}],"curies":[{"name":"wp","href":"https:\/\/api.w.org\/{rel}","templated":true}]}}