{"id":108365,"date":"2025-12-09T13:46:18","date_gmt":"2025-12-09T13:46:18","guid":{"rendered":"https:\/\/dekaufmann.de\/?post_type=product&#038;p=108365"},"modified":"2026-05-04T12:00:33","modified_gmt":"2026-05-04T12:00:33","slug":"187-strassenbande-tabak-040-200g-2690e","status":"publish","type":"product","link":"https:\/\/dekaufmann.de\/?product=187-strassenbande-tabak-040-200g-2690e","title":{"rendered":"187 Strassenbande 040 200g &#8211; 26,90\u20ac"},"content":{"rendered":"<h2 data-start=\"133\" data-end=\"171\">187\u00a0 Strassenbande Tabak 040 \u2013 200g &#8211; 26,90 \u20ac<\/h2>\n<p data-start=\"172\" data-end=\"217\"><strong data-start=\"172\" data-end=\"217\">Starker Klassiker mit hoher Markenwirkung<\/strong><\/p>\n<p data-start=\"219\" data-end=\"487\">187 Tabak 040 ist eine der beliebten Sorten der 187 Strassenbande und \u00fcberzeugt mit einem intensiven, fruchtigen Mix-Aroma, das im Handel regelm\u00e4\u00dfig starke Verkaufszahlen liefert. Die Marke ist bei Shisha-Kunden extrem bekannt und sorgt f\u00fcr schnelle Rotation im Regal.<\/p>\n<p data-start=\"489\" data-end=\"674\">Die 200-g-Dose bietet ein attraktives Preisniveau und eine solide Marge f\u00fcr Wiederverk\u00e4ufer \u2013 ideal f\u00fcr Shisha-Shops, Kioske und Online-H\u00e4ndler, die Produkte mit hohem Durchlauf suchen.<\/p>\n<h3 data-start=\"676\" data-end=\"700\">Vorteile f\u00fcr H\u00e4ndler<\/h3>\n<ul data-start=\"701\" data-end=\"916\">\n<li data-start=\"701\" data-end=\"738\">\n<p data-start=\"703\" data-end=\"738\">Bekannte und stark gefragte Marke<\/p>\n<\/li>\n<li data-start=\"739\" data-end=\"776\">\n<p data-start=\"741\" data-end=\"776\">Hohe Nachfrage nach der Sorte 040<\/p>\n<\/li>\n<li data-start=\"777\" data-end=\"821\">\n<p data-start=\"779\" data-end=\"821\">Schneller Abverkauf durch starke Fanbase<\/p>\n<\/li>\n<li data-start=\"822\" data-end=\"864\">\n<p data-start=\"824\" data-end=\"864\">Attraktiver Einkaufspreis \u2192 gute Marge<\/p>\n<\/li>\n<li data-start=\"865\" data-end=\"916\">\n<p data-start=\"867\" data-end=\"916\">Optimal f\u00fcr Stammkunden &amp; Neukunden gleicherma\u00dfen<\/p>\n<\/li>\n<\/ul>\n<h3 data-start=\"918\" data-end=\"936\">Produktdetails<\/h3>\n<ul data-start=\"937\" data-end=\"1044\">\n<li data-start=\"937\" data-end=\"955\">\n<p data-start=\"939\" data-end=\"955\"><strong data-start=\"939\" data-end=\"949\">Sorte:<\/strong> 040<\/p>\n<\/li>\n<li data-start=\"956\" data-end=\"976\">\n<p data-start=\"958\" data-end=\"976\"><strong data-start=\"958\" data-end=\"968\">Menge:<\/strong> 200 g<\/p>\n<\/li>\n<li data-start=\"977\" data-end=\"999\">\n<p data-start=\"979\" data-end=\"999\"><strong data-start=\"979\" data-end=\"989\">Verkaufspreis:<\/strong> 26,90 \u20ac<\/p>\n<\/li>\n<li data-start=\"1000\" data-end=\"1044\">\n<p data-start=\"1002\" data-end=\"1044\"><strong data-start=\"1002\" data-end=\"1016\">Kategorie:<\/strong> Aromatisierter Shisha-Tabak<\/p>\n<\/li>\n<\/ul>\n","protected":false},"excerpt":{"rendered":"<p>187\u00a0 Strassenbande Tabak 040 \u2013 200g &#8211; 26,90 \u20ac Starker Klassiker mit hoher Markenwirkung 187 Tabak 040 ist eine der beliebten Sorten der 187 Strassenbande und \u00fcberzeugt mit einem intensiven, fruchtigen Mix-Aroma, das im Handel regelm\u00e4\u00dfig starke Verkaufszahlen liefert. Die Marke ist bei Shisha-Kunden extrem bekannt und sorgt f\u00fcr schnelle Rotation im Regal. Die 200-g-Dose [&hellip;]<\/p>\n","protected":false},"featured_media":108366,"comment_status":"closed","ping_status":"closed","template":"","meta":[],"product_brand":[295],"product_cat":[125],"product_tag":[],"class_list":{"0":"post-108365","1":"product","2":"type-product","3":"status-publish","4":"has-post-thumbnail","6":"product_brand-187-strassenbande","7":"product_cat-shisha-tabak","8":"product_shipping_class-reduced-rate","10":"first","11":"instock","12":"taxable","13":"shipping-taxable","14":"product-type-simple"},"_links":{"self":[{"href":"https:\/\/dekaufmann.de\/index.php?rest_route=\/wp\/v2\/product\/108365","targetHints":{"allow":["GET"]}}],"collection":[{"href":"https:\/\/dekaufmann.de\/index.php?rest_route=\/wp\/v2\/product"}],"about":[{"href":"https:\/\/dekaufmann.de\/index.php?rest_route=\/wp\/v2\/types\/product"}],"replies":[{"embeddable":true,"href":"https:\/\/dekaufmann.de\/index.php?rest_route=%2Fwp%2Fv2%2Fcomments&post=108365"}],"wp:featuredmedia":[{"embeddable":true,"href":"https:\/\/dekaufmann.de\/index.php?rest_route=\/wp\/v2\/media\/108366"}],"wp:attachment":[{"href":"https:\/\/dekaufmann.de\/index.php?rest_route=%2Fwp%2Fv2%2Fmedia&parent=108365"}],"wp:term":[{"taxonomy":"product_brand","embeddable":true,"href":"https:\/\/dekaufmann.de\/index.php?rest_route=%2Fwp%2Fv2%2Fproduct_brand&post=108365"},{"taxonomy":"product_cat","embeddable":true,"href":"https:\/\/dekaufmann.de\/index.php?rest_route=%2Fwp%2Fv2%2Fproduct_cat&post=108365"},{"taxonomy":"product_tag","embeddable":true,"href":"https:\/\/dekaufmann.de\/index.php?rest_route=%2Fwp%2Fv2%2Fproduct_tag&post=108365"}],"curies":[{"name":"wp","href":"https:\/\/api.w.org\/{rel}","templated":true}]}}