{"id":108333,"date":"2025-12-08T16:23:18","date_gmt":"2025-12-08T16:23:18","guid":{"rendered":"https:\/\/dekaufmann.de\/?post_type=product&#038;p=108333"},"modified":"2026-04-22T09:52:02","modified_gmt":"2026-04-22T09:52:02","slug":"smoking-juice-vape-cherry-cranberry","status":"publish","type":"product","link":"https:\/\/dekaufmann.de\/?product=smoking-juice-vape-cherry-cranberry","title":{"rendered":"Smoking Juice Vape &#8211; Cherry Cranberry 5&#215;15000 Z\u00fcge"},"content":{"rendered":"<h4><strong>Smoking Juice Cherry Cranberry \u2013 Ger\u00e4t + 2ml Pod + 8ml Pod im Starter-Set<\/strong><\/h4>\n<p>Das <strong>Smoking Juice Cherry Cranberry Set<\/strong> kombiniert ein hochwertiges Pod-Ger\u00e4t mit einem vorgef\u00fcllten 2ml Pod und einem zus\u00e4tzlichen 10ml Nachf\u00fcll-Pod. Der Geschmack bietet eine s\u00fc\u00dfe Kirschbasis, kombiniert mit der leicht herben, fruchtigen Note der Cranberry \u2013 ein moderner Mix, der besonders beliebt bei Kunden ist, die ausgewogene, s\u00fc\u00df-fruchtige Flavours bevorzugen.<\/p>\n<p>Das Set ist ideal f\u00fcr Einsteiger sowie Stammkunden und sorgt durch die praktischen Pods f\u00fcr regelm\u00e4\u00dfige Wiederk\u00e4ufe. H\u00e4ndler profitieren von starker Rotation und stabilen Margen.<\/p>\n<h5><strong>Produktdetails:<\/strong><\/h5>\n<ul>\n<li><strong>Inhalt:<\/strong> 1 Ger\u00e4t + 1\u00d7 2ml Pod + 1\u00d7 8ml Pod<\/li>\n<li><strong>Geschmack:<\/strong> Kirsche &amp; Cranberry \u2013 s\u00fc\u00df, fruchtig, leicht herb<\/li>\n<li><strong>Pod-Typ:<\/strong> Vorgef\u00fcllt, sofort einsatzbereit<\/li>\n<li><strong>Kompatibilit\u00e4t:<\/strong> Smoking Juice Pod-System<\/li>\n<li><strong>Zielgruppe:<\/strong> Kunden, die fruchtige, ausgewogene All-Day-Flavours suchen<\/li>\n<\/ul>\n<h6><strong>Vorteile f\u00fcr H\u00e4ndler:<\/strong><\/h6>\n<ul>\n<li><strong>Beliebter Fruchtmix:<\/strong> Cherry &amp; Cranberry sind stark nachgefragt<\/li>\n<li><strong>Regelm\u00e4\u00dfige Wiederk\u00e4ufe:<\/strong> Zus\u00e4tzliche Pods werden oft nachbestellt<\/li>\n<li><strong>Starke Marge:<\/strong> Starter-Sets verkaufen sich besonders profitabel<\/li>\n<\/ul>\n<p>Das <strong>Smoking Juice Cherry Cranberry Pod-System<\/strong> ist ein attraktiver Umsatzartikel und ideal f\u00fcr H\u00e4ndler, die moderne, fruchtige Pod-Sets anbieten.<\/p>\n<p data-start=\"811\" data-end=\"875\" data-is-last-node=\"\" data-is-only-node=\"\"><strong>Weitere Pods Sorten 5x 8+2ml:<\/strong><\/p>\n<p data-start=\"68\" data-end=\"79\"><a href=\"https:\/\/dekaufmann.de\/shop\/vapes\/smoking-juice-pods-black-ice-5x-10ml2ml\/\">Black Ice<\/a> \/ <a href=\"https:\/\/dekaufmann.de\/shop\/vapes\/smoking-juice-pods-berries-5x-10ml2ml\/\">Berries<\/a> \/ <a href=\"https:\/\/dekaufmann.de\/shop\/vapes\/smoking-juice-pods-blueberry-ice-5x-10ml2ml\/\">Blueberry Ice<\/a> \/ <a href=\"https:\/\/dekaufmann.de\/shop\/vapes\/smoking-juice-pods-blueberry-kiwi-5x-10ml2ml\/\">Blueberry Kiwi<\/a> \/ <a href=\"https:\/\/dekaufmann.de\/shop\/vapes\/smoking-juice-pods-cherry-cranberry-5x-10ml2ml\/\">Cherry Cranberry<\/a> \/ <a href=\"https:\/\/dekaufmann.de\/shop\/vapes\/smoking-juice-pods-cola-lemon-5x-10ml2ml\/\">Cola Lemon<\/a> \/ <a href=\"https:\/\/dekaufmann.de\/shop\/vapes\/smoking-juice-pods-grape-ice-5x-10ml2ml\/\">Grape Ice<\/a> \/ <a href=\"https:\/\/dekaufmann.de\/shop\/vapes\/smoking-juice-pods-peach-mango-5x-10ml2ml\/\">Peach Mango<\/a> \/ <a href=\"https:\/\/dekaufmann.de\/shop\/vapes\/smoking-juice-pods-peach-ice-5x-10ml2ml\/\">Peach Ice<\/a> \/ <a href=\"https:\/\/dekaufmann.de\/shop\/vapes\/smoking-juice-pods-watermelon-ice-5x-10ml2ml\/\">Watermelon Ice<\/a><\/p>\n<p data-start=\"68\" data-end=\"79\"><strong>Weitere Starter Kits Sorten 5&#215;15000 Z\u00fcge (Komplett Set):<\/strong><\/p>\n<p data-start=\"68\" data-end=\"79\"><a href=\"https:\/\/dekaufmann.de\/shop\/vapes\/smoking-juice-black-ice-5x15000-zuege\/\">Black Ice<\/a> \/ <a href=\"https:\/\/dekaufmann.de\/shop\/vapes\/smoking-juice-berries-geraet-2ml-pod-10ml-pod\/\">Berries<\/a> \/ <a href=\"https:\/\/dekaufmann.de\/shop\/vapes\/smoking-juice-blueberry-ice-5x15000-zuege\/\">Blueberry Ice<\/a> \/ <a href=\"https:\/\/dekaufmann.de\/shop\/vapes\/smoking-blueberry-kiwi-geraet-2ml-pod-10ml-pod\/\">Blueberry Kiwi<\/a> \/ <a href=\"https:\/\/dekaufmann.de\/shop\/vapes\/smoking-cherry-cranberry-geraet-2ml-pod-10ml-pod\/\">Cherry Cranberry<\/a> \/ <a href=\"https:\/\/dekaufmann.de\/shop\/vapes\/smoking-juice-vape-cola-lemon-5x15000-zuege\/\">Cola Lemon<\/a> \/ <a href=\"https:\/\/dekaufmann.de\/shop\/vapes\/smoking-juice-grape-ice-geraet-2ml-pod-10ml-pod\/\">Grape Ice<\/a> \/ <a href=\"https:\/\/dekaufmann.de\/shop\/vapes\/smoking-peach-mango-geraet-2ml-pod-10ml-pod\/\">Peach Mango<\/a> \/<a href=\"https:\/\/dekaufmann.de\/shop\/vapes\/smoking-juice-vape-peach-ice-5x15000-zuege\/\"> Peach Ice<\/a> \/<a href=\"https:\/\/dekaufmann.de\/shop\/vapes\/smoking-juice-watermelon-ice-5x15000-zuege\/\"> Watermelon Ice<\/a><\/p>\n","protected":false},"excerpt":{"rendered":"<p>Smoking Juice Vape &#8211; Cherry Cranberry<\/p>\n","protected":false},"featured_media":108348,"comment_status":"closed","ping_status":"closed","template":"","meta":[],"product_brand":[306],"product_cat":[81],"product_tag":[],"class_list":{"0":"post-108333","1":"product","2":"type-product","3":"status-publish","4":"has-post-thumbnail","6":"product_brand-smoking-juice","7":"product_cat-vapes","8":"product_shipping_class-reduced-rate","10":"first","11":"instock","12":"taxable","13":"shipping-taxable","14":"product-type-simple"},"_links":{"self":[{"href":"https:\/\/dekaufmann.de\/index.php?rest_route=\/wp\/v2\/product\/108333","targetHints":{"allow":["GET"]}}],"collection":[{"href":"https:\/\/dekaufmann.de\/index.php?rest_route=\/wp\/v2\/product"}],"about":[{"href":"https:\/\/dekaufmann.de\/index.php?rest_route=\/wp\/v2\/types\/product"}],"replies":[{"embeddable":true,"href":"https:\/\/dekaufmann.de\/index.php?rest_route=%2Fwp%2Fv2%2Fcomments&post=108333"}],"wp:featuredmedia":[{"embeddable":true,"href":"https:\/\/dekaufmann.de\/index.php?rest_route=\/wp\/v2\/media\/108348"}],"wp:attachment":[{"href":"https:\/\/dekaufmann.de\/index.php?rest_route=%2Fwp%2Fv2%2Fmedia&parent=108333"}],"wp:term":[{"taxonomy":"product_brand","embeddable":true,"href":"https:\/\/dekaufmann.de\/index.php?rest_route=%2Fwp%2Fv2%2Fproduct_brand&post=108333"},{"taxonomy":"product_cat","embeddable":true,"href":"https:\/\/dekaufmann.de\/index.php?rest_route=%2Fwp%2Fv2%2Fproduct_cat&post=108333"},{"taxonomy":"product_tag","embeddable":true,"href":"https:\/\/dekaufmann.de\/index.php?rest_route=%2Fwp%2Fv2%2Fproduct_tag&post=108333"}],"curies":[{"name":"wp","href":"https:\/\/api.w.org\/{rel}","templated":true}]}}